{"id":612648,"date":"2022-05-30T13:08:33","date_gmt":"2022-05-30T16:08:33","guid":{"rendered":"https:\/\/www.sertras.com\/v3\/?page_id=612648"},"modified":"2025-02-05T14:22:49","modified_gmt":"2025-02-05T17:22:49","slug":"nts-portal-de-homologacao","status":"publish","type":"page","link":"https:\/\/www.sertras.com\/v3\/nts-portal-de-homologacao\/","title":{"rendered":"NTS &#8211; Portal de Homologa\u00e7\u00e3o &#8211; Novo"},"content":{"rendered":"<div class=\"pmpro_content_message\">This content is for Sertras &#8211; Administra\u00e7\u00e3o, Sertras, Sertras &#8211; Supervis\u00e3o, NTS &#8211; Comprador, NTS &#8211; Compliance, e NTS &#8211; Financeiro members only.<br \/><a href=\"http:\/\/www.sertras.com\/v3\/login\">Log In<\/a> <a href=\"http:\/\/www.sertras.com\/v3\/wp-login.php?action=register\">Register<\/a><\/div>\n","protected":false},"excerpt":{"rendered":"<div class=\"pmpro_content_message\">This content is for Sertras - Administra\u00e7\u00e3o, Sertras, Sertras - Supervis\u00e3o, NTS - Comprador, NTS - Compliance, e NTS - Financeiro members only.<br \/><a href=\"http:\/\/www.sertras.com\/v3\/login\">Log In<\/a> <a href=\"http:\/\/www.sertras.com\/v3\/wp-login.php?action=register\">Register<\/a><\/div>","protected":false},"author":17956,"featured_media":0,"parent":0,"menu_order":0,"comment_status":"closed","ping_status":"closed","template":"template-microsite.php","meta":{"pmpro_default_level":"","inline_featured_image":false,"footnotes":""},"aioseo_notices":[],"_links":{"self":[{"href":"https:\/\/www.sertras.com\/v3\/wp-json\/wp\/v2\/pages\/612648"}],"collection":[{"href":"https:\/\/www.sertras.com\/v3\/wp-json\/wp\/v2\/pages"}],"about":[{"href":"https:\/\/www.sertras.com\/v3\/wp-json\/wp\/v2\/types\/page"}],"author":[{"embeddable":true,"href":"https:\/\/www.sertras.com\/v3\/wp-json\/wp\/v2\/users\/17956"}],"replies":[{"embeddable":true,"href":"https:\/\/www.sertras.com\/v3\/wp-json\/wp\/v2\/comments?post=612648"}],"version-history":[{"count":50,"href":"https:\/\/www.sertras.com\/v3\/wp-json\/wp\/v2\/pages\/612648\/revisions"}],"predecessor-version":[{"id":923669,"href":"https:\/\/www.sertras.com\/v3\/wp-json\/wp\/v2\/pages\/612648\/revisions\/923669"}],"wp:attachment":[{"href":"https:\/\/www.sertras.com\/v3\/wp-json\/wp\/v2\/media?parent=612648"}],"curies":[{"name":"wp","href":"https:\/\/api.w.org\/{rel}","templated":true}]}}